{"id":334,"date":"2011-06-10T11:53:25","date_gmt":"2011-06-10T10:53:25","guid":{"rendered":"http:\/\/www.genealogiedesdieuxgrecs.com\/Genealogie_des_Dieux_grecs\/fr\/?page_id=334"},"modified":"2018-08-10T17:34:54","modified_gmt":"2018-08-10T15:34:54","slug":"genealogie","status":"publish","type":"page","link":"https:\/\/genealogiedesdieuxgrecs.com\/Genealogie_des_Dieux_grecs\/genealogie\/","title":{"rendered":"G\u00e9n\u00e9alogie"},"content":{"rendered":"<p>Page non maintenue, <a href=\"https:\/\/www.genealogiedesdieuxgrecs.com\/Genealogie_des_Dieux_grecs\/genealogie_des_dieux_grecs.htm\">voir ici<\/a>.<\/p>\n<p style=\"text-align: center;\"><script src=\"http:\/\/zoom.it\/68dL.js?width=auto&amp;height=1000px\"><\/script><\/p>\n","protected":false},"excerpt":{"rendered":"<p>Page non maintenue, voir ici.<\/p>\n","protected":false},"author":2,"featured_media":0,"parent":0,"menu_order":0,"comment_status":"closed","ping_status":"open","template":"","meta":{"footnotes":""},"class_list":["post-334","page","type-page","status-publish","hentry"],"yoast_head":"<!-- This site is optimized with the Yoast SEO plugin v24.9 - https:\/\/yoast.com\/wordpress\/plugins\/seo\/ -->\n<title>Repr\u00e9sentation de la g\u00e9n\u00e9alogie des divinit\u00e9s de la mythologie grecque<\/title>\n<meta name=\"description\" content=\"Arbre g\u00e9n\u00e9alogique des Dieux, D\u00e9esses, Titans, H\u00e9ros de la mythologie grecque, la g\u00e9n\u00e9alogie des divinit\u00e9s grecques selon H\u00e9siode\" \/>\n<meta name=\"robots\" content=\"index, follow, max-snippet:-1, max-image-preview:large, max-video-preview:-1\" \/>\n<link rel=\"canonical\" href=\"https:\/\/genealogiedesdieuxgrecs.com\/Genealogie_des_Dieux_grecs\/genealogie\/\" \/>\n<meta property=\"og:locale\" content=\"fr_FR\" \/>\n<meta property=\"og:type\" content=\"article\" \/>\n<meta property=\"og:title\" content=\"Repr\u00e9sentation de la g\u00e9n\u00e9alogie des divinit\u00e9s de la mythologie grecque\" \/>\n<meta property=\"og:description\" content=\"Arbre g\u00e9n\u00e9alogique des Dieux, D\u00e9esses, Titans, H\u00e9ros de la mythologie grecque, la g\u00e9n\u00e9alogie des divinit\u00e9s grecques selon H\u00e9siode\" \/>\n<meta property=\"og:url\" content=\"https:\/\/genealogiedesdieuxgrecs.com\/Genealogie_des_Dieux_grecs\/genealogie\/\" \/>\n<meta property=\"og:site_name\" content=\"Genealogie des divinit\u00e9s de la mythologie grecque\" \/>\n<meta property=\"article:modified_time\" content=\"2018-08-10T15:34:54+00:00\" \/>\n<meta name=\"twitter:card\" content=\"summary_large_image\" \/>\n<script type=\"application\/ld+json\" class=\"yoast-schema-graph\">{\"@context\":\"https:\/\/schema.org\",\"@graph\":[{\"@type\":\"WebPage\",\"@id\":\"https:\/\/genealogiedesdieuxgrecs.com\/Genealogie_des_Dieux_grecs\/genealogie\/\",\"url\":\"https:\/\/genealogiedesdieuxgrecs.com\/Genealogie_des_Dieux_grecs\/genealogie\/\",\"name\":\"Repr\u00e9sentation de la g\u00e9n\u00e9alogie des divinit\u00e9s de la mythologie grecque\",\"isPartOf\":{\"@id\":\"https:\/\/genealogiedesdieuxgrecs.com\/Genealogie_des_Dieux_grecs\/#website\"},\"datePublished\":\"2011-06-10T10:53:25+00:00\",\"dateModified\":\"2018-08-10T15:34:54+00:00\",\"description\":\"Arbre g\u00e9n\u00e9alogique des Dieux, D\u00e9esses, Titans, H\u00e9ros de la mythologie grecque, la g\u00e9n\u00e9alogie des divinit\u00e9s grecques selon H\u00e9siode\",\"breadcrumb\":{\"@id\":\"https:\/\/genealogiedesdieuxgrecs.com\/Genealogie_des_Dieux_grecs\/genealogie\/#breadcrumb\"},\"inLanguage\":\"fr-FR\",\"potentialAction\":[{\"@type\":\"ReadAction\",\"target\":[\"https:\/\/genealogiedesdieuxgrecs.com\/Genealogie_des_Dieux_grecs\/genealogie\/\"]}]},{\"@type\":\"BreadcrumbList\",\"@id\":\"https:\/\/genealogiedesdieuxgrecs.com\/Genealogie_des_Dieux_grecs\/genealogie\/#breadcrumb\",\"itemListElement\":[{\"@type\":\"ListItem\",\"position\":1,\"name\":\"Accueil\",\"item\":\"https:\/\/genealogiedesdieuxgrecs.com\/Genealogie_des_Dieux_grecs\/\"},{\"@type\":\"ListItem\",\"position\":2,\"name\":\"G\u00e9n\u00e9alogie\"}]},{\"@type\":\"WebSite\",\"@id\":\"https:\/\/genealogiedesdieuxgrecs.com\/Genealogie_des_Dieux_grecs\/#website\",\"url\":\"https:\/\/genealogiedesdieuxgrecs.com\/Genealogie_des_Dieux_grecs\/\",\"name\":\"Genealogie des divinit\u00e9s de la mythologie grecque\",\"description\":\"Du Chaos aux hommes en passant par les D\u00e9esse, Dieux, Nymphes, Muses, Titans, H\u00e9catonchires, Les Moires, les Cyclopes, les G\u00e9ants...\",\"potentialAction\":[{\"@type\":\"SearchAction\",\"target\":{\"@type\":\"EntryPoint\",\"urlTemplate\":\"https:\/\/genealogiedesdieuxgrecs.com\/Genealogie_des_Dieux_grecs\/?s={search_term_string}\"},\"query-input\":{\"@type\":\"PropertyValueSpecification\",\"valueRequired\":true,\"valueName\":\"search_term_string\"}}],\"inLanguage\":\"fr-FR\"}]}<\/script>\n<!-- \/ Yoast SEO plugin. -->","yoast_head_json":{"title":"Repr\u00e9sentation de la g\u00e9n\u00e9alogie des divinit\u00e9s de la mythologie grecque","description":"Arbre g\u00e9n\u00e9alogique des Dieux, D\u00e9esses, Titans, H\u00e9ros de la mythologie grecque, la g\u00e9n\u00e9alogie des divinit\u00e9s grecques selon H\u00e9siode","robots":{"index":"index","follow":"follow","max-snippet":"max-snippet:-1","max-image-preview":"max-image-preview:large","max-video-preview":"max-video-preview:-1"},"canonical":"https:\/\/genealogiedesdieuxgrecs.com\/Genealogie_des_Dieux_grecs\/genealogie\/","og_locale":"fr_FR","og_type":"article","og_title":"Repr\u00e9sentation de la g\u00e9n\u00e9alogie des divinit\u00e9s de la mythologie grecque","og_description":"Arbre g\u00e9n\u00e9alogique des Dieux, D\u00e9esses, Titans, H\u00e9ros de la mythologie grecque, la g\u00e9n\u00e9alogie des divinit\u00e9s grecques selon H\u00e9siode","og_url":"https:\/\/genealogiedesdieuxgrecs.com\/Genealogie_des_Dieux_grecs\/genealogie\/","og_site_name":"Genealogie des divinit\u00e9s de la mythologie grecque","article_modified_time":"2018-08-10T15:34:54+00:00","twitter_card":"summary_large_image","schema":{"@context":"https:\/\/schema.org","@graph":[{"@type":"WebPage","@id":"https:\/\/genealogiedesdieuxgrecs.com\/Genealogie_des_Dieux_grecs\/genealogie\/","url":"https:\/\/genealogiedesdieuxgrecs.com\/Genealogie_des_Dieux_grecs\/genealogie\/","name":"Repr\u00e9sentation de la g\u00e9n\u00e9alogie des divinit\u00e9s de la mythologie grecque","isPartOf":{"@id":"https:\/\/genealogiedesdieuxgrecs.com\/Genealogie_des_Dieux_grecs\/#website"},"datePublished":"2011-06-10T10:53:25+00:00","dateModified":"2018-08-10T15:34:54+00:00","description":"Arbre g\u00e9n\u00e9alogique des Dieux, D\u00e9esses, Titans, H\u00e9ros de la mythologie grecque, la g\u00e9n\u00e9alogie des divinit\u00e9s grecques selon H\u00e9siode","breadcrumb":{"@id":"https:\/\/genealogiedesdieuxgrecs.com\/Genealogie_des_Dieux_grecs\/genealogie\/#breadcrumb"},"inLanguage":"fr-FR","potentialAction":[{"@type":"ReadAction","target":["https:\/\/genealogiedesdieuxgrecs.com\/Genealogie_des_Dieux_grecs\/genealogie\/"]}]},{"@type":"BreadcrumbList","@id":"https:\/\/genealogiedesdieuxgrecs.com\/Genealogie_des_Dieux_grecs\/genealogie\/#breadcrumb","itemListElement":[{"@type":"ListItem","position":1,"name":"Accueil","item":"https:\/\/genealogiedesdieuxgrecs.com\/Genealogie_des_Dieux_grecs\/"},{"@type":"ListItem","position":2,"name":"G\u00e9n\u00e9alogie"}]},{"@type":"WebSite","@id":"https:\/\/genealogiedesdieuxgrecs.com\/Genealogie_des_Dieux_grecs\/#website","url":"https:\/\/genealogiedesdieuxgrecs.com\/Genealogie_des_Dieux_grecs\/","name":"Genealogie des divinit\u00e9s de la mythologie grecque","description":"Du Chaos aux hommes en passant par les D\u00e9esse, Dieux, Nymphes, Muses, Titans, H\u00e9catonchires, Les Moires, les Cyclopes, les G\u00e9ants...","potentialAction":[{"@type":"SearchAction","target":{"@type":"EntryPoint","urlTemplate":"https:\/\/genealogiedesdieuxgrecs.com\/Genealogie_des_Dieux_grecs\/?s={search_term_string}"},"query-input":{"@type":"PropertyValueSpecification","valueRequired":true,"valueName":"search_term_string"}}],"inLanguage":"fr-FR"}]}},"_links":{"self":[{"href":"https:\/\/genealogiedesdieuxgrecs.com\/Genealogie_des_Dieux_grecs\/wp-json\/wp\/v2\/pages\/334","targetHints":{"allow":["GET"]}}],"collection":[{"href":"https:\/\/genealogiedesdieuxgrecs.com\/Genealogie_des_Dieux_grecs\/wp-json\/wp\/v2\/pages"}],"about":[{"href":"https:\/\/genealogiedesdieuxgrecs.com\/Genealogie_des_Dieux_grecs\/wp-json\/wp\/v2\/types\/page"}],"author":[{"embeddable":true,"href":"https:\/\/genealogiedesdieuxgrecs.com\/Genealogie_des_Dieux_grecs\/wp-json\/wp\/v2\/users\/2"}],"replies":[{"embeddable":true,"href":"https:\/\/genealogiedesdieuxgrecs.com\/Genealogie_des_Dieux_grecs\/wp-json\/wp\/v2\/comments?post=334"}],"version-history":[{"count":2,"href":"https:\/\/genealogiedesdieuxgrecs.com\/Genealogie_des_Dieux_grecs\/wp-json\/wp\/v2\/pages\/334\/revisions"}],"predecessor-version":[{"id":2218,"href":"https:\/\/genealogiedesdieuxgrecs.com\/Genealogie_des_Dieux_grecs\/wp-json\/wp\/v2\/pages\/334\/revisions\/2218"}],"wp:attachment":[{"href":"https:\/\/genealogiedesdieuxgrecs.com\/Genealogie_des_Dieux_grecs\/wp-json\/wp\/v2\/media?parent=334"}],"curies":[{"name":"wp","href":"https:\/\/api.w.org\/{rel}","templated":true}]}}