{"id":1511,"date":"2017-10-05T18:08:53","date_gmt":"2017-10-05T16:08:53","guid":{"rendered":"http:\/\/www.genealogiedesdieuxgrecs.com\/Genealogie_des_Dieux_grecs\/?page_id=1511"},"modified":"2026-04-21T11:41:08","modified_gmt":"2026-04-21T09:41:08","slug":"accueil","status":"publish","type":"page","link":"https:\/\/genealogiedesdieuxgrecs.com\/Genealogie_des_Dieux_grecs\/","title":{"rendered":"Accueil"},"content":{"rendered":"<h3>Migration du site \u00e0 venir dans le mois de mai : la site sera indisponiuble pendant quelques jours (redirection du nom de domaine vers un nouvel h\u00e9bergement qui sera plus stable dans le temps). <\/h3>\n<h2>Pr\u00e9sentation<\/h2>\n<p>Ce site pr\u00e9sente UNE g\u00e9n\u00e9alogie des Dieux grecs. \u201cUne g\u00e9n\u00e9alogie\u201d et pas \u201cLa \u2026\u201d car il n\u2019existe pas d\u2019unique version. Chacune diff\u00e8re selon les auteurs. De H\u00e9siode \u00e0 Virgile, en passant par Hom\u00e8re sans parler de la <a title=\"Les auteurs de la mythologie grecque\" href=\"http:\/\/www.genealogiedesdieuxgrecs.com\/Genealogie_des_Dieux_grecs\/2013\/01\/les-auteurs-de-la-mythologie-grecque\/\">multitude des auteurs<\/a> ayant \u00e9voqu\u00e9 les filiations de ces diff\u00e9rentes entit\u00e9s plus ou moins divines issues de la mythologie grecque.<\/p>\n<p>La r\u00e9f\u00e9rence, ici, c\u2019est H\u00e9siode. Certains compl\u00e9ments sont apport\u00e9s depuis des textes d\u2019autres auteurs, en \u00e9vitant les contradictions. A cela s\u2019ajoutent quelques histoires cultes et l\u00e9gendaires, comme par exemple <a title=\"La guerre de Troie\" href=\"http:\/\/www.genealogiedesdieuxgrecs.com\/Genealogie_des_Dieux_grecs\/2011\/10\/la-guerre-de-troie\/\">la guerre de Troie<\/a>.<\/p>\n<p>On s\u2019aper\u00e7oit facilement, dans cette repr\u00e9sentation de la descendance du Chaos et dans les histoires v\u00e9cues par les Dieux, D\u00e9esses, Titans, G\u00e9ants, Nymphes, que leurs relations et aventures n\u2019ont pas grand chose de \u201cdivin\u201d. Cette repr\u00e9sentation divine de la soci\u00e9t\u00e9 humaine de l\u2019\u00e9poque au travers de ces mythes sont une repr\u00e9sentation satirique et caricaturale, souvent amusante ou \u00e9pique, toujours passionnante.<\/p>\n<h2>Contenu<\/h2>\n<p>Voici un <a title=\"Arbre g\u00e9n\u00e9alogique des Dieux grecs\" href=\"http:\/\/www.genealogiedesdieuxgrecs.com\/Genealogie_des_Dieux_grecs\/genealogie_des_dieux_grecs.htm\">arbre g\u00e9n\u00e9alogique des Dieux grecs<\/a>. Toutes les divinit\u00e9s pr\u00e9sentes dans cet arbre sont reli\u00e9es entre-elles.<\/p>\n<p>Cliquez sur l&rsquo;image pour la g\u00e9n\u00e9alogie compl\u00e8te :<\/p>\n<p><a href=\"http:\/\/www.genealogiedesdieuxgrecs.com\/Genealogie_des_Dieux_grecs\/genealogie_des_dieux_grecs.htm\" target=\"_blank\" rel=\"noopener noreferrer\" data-elementor-open-lightbox=\"\"><br \/>\n<img loading=\"lazy\" decoding=\"async\" src=\"http:\/\/www.genealogiedesdieuxgrecs.com\/Genealogie_des_Dieux_grecs\/wp-content\/uploads\/Dieux_grecs_ico.jpg\" sizes=\"auto, 100vw\" srcset=\"http:\/\/www.genealogiedesdieuxgrecs.com\/Genealogie_des_Dieux_grecs\/wp-content\/uploads\/Dieux_grecs_ico.jpg 394w, http:\/\/www.genealogiedesdieuxgrecs.com\/Genealogie_des_Dieux_grecs\/wp-content\/uploads\/Dieux_grecs_ico-300x247.jpg 300w, http:\/\/www.genealogiedesdieuxgrecs.com\/Genealogie_des_Dieux_grecs\/wp-content\/uploads\/Dieux_grecs_ico-140x115.jpg 140w\" alt=\"G\u00e9n\u00e9alogie des dieux grecs - Mythologie grecque\" width=\"394\" height=\"325\" \/> <\/a><\/p>\n<p>Toutes les divinit\u00e9s cit\u00e9es ici sont d\u00e9crites de mani\u00e8re lapidaire dans un article d\u00e9di\u00e9 ou au passage de la souris sur l\u2019<a title=\"Arbre g\u00e9n\u00e9alogique des Dieux grecs\" href=\"http:\/\/www.genealogiedesdieuxgrecs.com\/Genealogie_des_Dieux_grecs\/genealogie_des_dieux_grecs.htm\" target=\"_blank\" rel=\"noopener noreferrer\">arbre g\u00e9n\u00e9alogique<\/a>.<\/p>\n<p>Pour finir, on trouvera diff\u00e9rents <a title=\"Mythes et l\u00e9gendes\" href=\"http:\/\/www.genealogiedesdieuxgrecs.com\/Genealogie_des_Dieux_grecs\/category\/mythes-et-legendes\/\">mythes et l\u00e9gendes<\/a>.<\/p>\n<p>Ou encore, une <a title=\"Classification des personnages de la mythologies grecque\" href=\"http:\/\/www.genealogiedesdieuxgrecs.com\/Genealogie_des_Dieux_grecs\/2011\/02\/classification-des-personnages-de-la-mythologies-grecque\/\">pr\u00e9sentation des diff\u00e9rents types de cr\u00e9atures mythologiques<\/a> auxquelles nous avons \u00e0 faire dans ce site.<\/p>\n<h1 style=\"text-align: center;\"><a href=\"https:\/\/genealogiedesdieuxgrecs.com\/Genealogie_des_Dieux_grecs\/2019\/11\/liste-des-divinites-de-la-mythologie-grecque\/\">Les divinit\u00e9s du site<\/a>.<\/h1>\n","protected":false},"excerpt":{"rendered":"<p>Migration du site \u00e0 venir dans le mois de mai : la site sera indisponiuble pendant quelques jours (redirection du nom de domaine vers un nouvel h\u00e9bergement qui sera plus stable dans le temps). Pr\u00e9sentation Ce site pr\u00e9sente UNE g\u00e9n\u00e9alogie des Dieux grecs. \u201cUne g\u00e9n\u00e9alogie\u201d et pas \u201cLa \u2026\u201d car il n\u2019existe pas d\u2019unique version. &hellip; <\/p>\n<p class=\"link-more\"><a href=\"https:\/\/genealogiedesdieuxgrecs.com\/Genealogie_des_Dieux_grecs\/\" class=\"more-link\">Continuer la lecture<span class=\"screen-reader-text\"> de &laquo;&nbsp;Accueil&nbsp;&raquo;<\/span><\/a><\/p>\n","protected":false},"author":2,"featured_media":0,"parent":0,"menu_order":0,"comment_status":"closed","ping_status":"closed","template":"","meta":{"footnotes":""},"class_list":["post-1511","page","type-page","status-publish","hentry"],"yoast_head":"<!-- This site is optimized with the Yoast SEO plugin v24.9 - https:\/\/yoast.com\/wordpress\/plugins\/seo\/ -->\n<title>G\u00e9n\u00e9alogie des divinit\u00e9s grecques selon H\u00e9siode, mythes et l\u00e9gendes<\/title>\n<meta name=\"description\" content=\"G\u00e9n\u00e9alogie des divinit\u00e9s grecques selon H\u00e9siode, mythes et l\u00e9gendes, diff\u00e9rents liens entre les divinit\u00e9s, Titans, Dieux et D\u00e9esses, H\u00e9ros, monstres\" \/>\n<meta name=\"robots\" content=\"index, follow, max-snippet:-1, max-image-preview:large, max-video-preview:-1\" \/>\n<link rel=\"canonical\" href=\"https:\/\/genealogiedesdieuxgrecs.com\/Genealogie_des_Dieux_grecs\/\" \/>\n<meta property=\"og:locale\" content=\"fr_FR\" \/>\n<meta property=\"og:type\" content=\"article\" \/>\n<meta property=\"og:title\" content=\"G\u00e9n\u00e9alogie des divinit\u00e9s grecques selon H\u00e9siode, mythes et l\u00e9gendes\" \/>\n<meta property=\"og:description\" content=\"G\u00e9n\u00e9alogie des divinit\u00e9s grecques selon H\u00e9siode, mythes et l\u00e9gendes, diff\u00e9rents liens entre les divinit\u00e9s, Titans, Dieux et D\u00e9esses, H\u00e9ros, monstres\" \/>\n<meta property=\"og:url\" content=\"https:\/\/genealogiedesdieuxgrecs.com\/Genealogie_des_Dieux_grecs\/\" \/>\n<meta property=\"og:site_name\" content=\"Genealogie des divinit\u00e9s de la mythologie grecque\" \/>\n<meta property=\"article:modified_time\" content=\"2026-04-21T09:41:08+00:00\" \/>\n<meta property=\"og:image\" content=\"http:\/\/www.genealogiedesdieuxgrecs.com\/Genealogie_des_Dieux_grecs\/wp-content\/uploads\/Dieux_grecs_ico.jpg\" \/>\n<meta name=\"twitter:card\" content=\"summary_large_image\" \/>\n<meta name=\"twitter:label1\" content=\"Dur\u00e9e de lecture estim\u00e9e\" \/>\n\t<meta name=\"twitter:data1\" content=\"2 minutes\" \/>\n<script type=\"application\/ld+json\" class=\"yoast-schema-graph\">{\"@context\":\"https:\/\/schema.org\",\"@graph\":[{\"@type\":\"WebPage\",\"@id\":\"https:\/\/genealogiedesdieuxgrecs.com\/Genealogie_des_Dieux_grecs\/\",\"url\":\"https:\/\/genealogiedesdieuxgrecs.com\/Genealogie_des_Dieux_grecs\/\",\"name\":\"G\u00e9n\u00e9alogie des divinit\u00e9s grecques selon H\u00e9siode, mythes et l\u00e9gendes\",\"isPartOf\":{\"@id\":\"https:\/\/genealogiedesdieuxgrecs.com\/Genealogie_des_Dieux_grecs\/#website\"},\"primaryImageOfPage\":{\"@id\":\"https:\/\/genealogiedesdieuxgrecs.com\/Genealogie_des_Dieux_grecs\/#primaryimage\"},\"image\":{\"@id\":\"https:\/\/genealogiedesdieuxgrecs.com\/Genealogie_des_Dieux_grecs\/#primaryimage\"},\"thumbnailUrl\":\"http:\/\/www.genealogiedesdieuxgrecs.com\/Genealogie_des_Dieux_grecs\/wp-content\/uploads\/Dieux_grecs_ico.jpg\",\"datePublished\":\"2017-10-05T16:08:53+00:00\",\"dateModified\":\"2026-04-21T09:41:08+00:00\",\"description\":\"G\u00e9n\u00e9alogie des divinit\u00e9s grecques selon H\u00e9siode, mythes et l\u00e9gendes, diff\u00e9rents liens entre les divinit\u00e9s, Titans, Dieux et D\u00e9esses, H\u00e9ros, monstres\",\"breadcrumb\":{\"@id\":\"https:\/\/genealogiedesdieuxgrecs.com\/Genealogie_des_Dieux_grecs\/#breadcrumb\"},\"inLanguage\":\"fr-FR\",\"potentialAction\":[{\"@type\":\"ReadAction\",\"target\":[\"https:\/\/genealogiedesdieuxgrecs.com\/Genealogie_des_Dieux_grecs\/\"]}]},{\"@type\":\"ImageObject\",\"inLanguage\":\"fr-FR\",\"@id\":\"https:\/\/genealogiedesdieuxgrecs.com\/Genealogie_des_Dieux_grecs\/#primaryimage\",\"url\":\"http:\/\/www.genealogiedesdieuxgrecs.com\/Genealogie_des_Dieux_grecs\/wp-content\/uploads\/Dieux_grecs_ico.jpg\",\"contentUrl\":\"http:\/\/www.genealogiedesdieuxgrecs.com\/Genealogie_des_Dieux_grecs\/wp-content\/uploads\/Dieux_grecs_ico.jpg\"},{\"@type\":\"BreadcrumbList\",\"@id\":\"https:\/\/genealogiedesdieuxgrecs.com\/Genealogie_des_Dieux_grecs\/#breadcrumb\",\"itemListElement\":[{\"@type\":\"ListItem\",\"position\":1,\"name\":\"Accueil\",\"item\":\"https:\/\/genealogiedesdieuxgrecs.com\/Genealogie_des_Dieux_grecs\/\"},{\"@type\":\"ListItem\",\"position\":2,\"name\":\"Accueil\"}]},{\"@type\":\"WebSite\",\"@id\":\"https:\/\/genealogiedesdieuxgrecs.com\/Genealogie_des_Dieux_grecs\/#website\",\"url\":\"https:\/\/genealogiedesdieuxgrecs.com\/Genealogie_des_Dieux_grecs\/\",\"name\":\"Genealogie des divinit\u00e9s de la mythologie grecque\",\"description\":\"Du Chaos aux hommes en passant par les D\u00e9esse, Dieux, Nymphes, Muses, Titans, H\u00e9catonchires, Les Moires, les Cyclopes, les G\u00e9ants...\",\"potentialAction\":[{\"@type\":\"SearchAction\",\"target\":{\"@type\":\"EntryPoint\",\"urlTemplate\":\"https:\/\/genealogiedesdieuxgrecs.com\/Genealogie_des_Dieux_grecs\/?s={search_term_string}\"},\"query-input\":{\"@type\":\"PropertyValueSpecification\",\"valueRequired\":true,\"valueName\":\"search_term_string\"}}],\"inLanguage\":\"fr-FR\"}]}<\/script>\n<!-- \/ Yoast SEO plugin. -->","yoast_head_json":{"title":"G\u00e9n\u00e9alogie des divinit\u00e9s grecques selon H\u00e9siode, mythes et l\u00e9gendes","description":"G\u00e9n\u00e9alogie des divinit\u00e9s grecques selon H\u00e9siode, mythes et l\u00e9gendes, diff\u00e9rents liens entre les divinit\u00e9s, Titans, Dieux et D\u00e9esses, H\u00e9ros, monstres","robots":{"index":"index","follow":"follow","max-snippet":"max-snippet:-1","max-image-preview":"max-image-preview:large","max-video-preview":"max-video-preview:-1"},"canonical":"https:\/\/genealogiedesdieuxgrecs.com\/Genealogie_des_Dieux_grecs\/","og_locale":"fr_FR","og_type":"article","og_title":"G\u00e9n\u00e9alogie des divinit\u00e9s grecques selon H\u00e9siode, mythes et l\u00e9gendes","og_description":"G\u00e9n\u00e9alogie des divinit\u00e9s grecques selon H\u00e9siode, mythes et l\u00e9gendes, diff\u00e9rents liens entre les divinit\u00e9s, Titans, Dieux et D\u00e9esses, H\u00e9ros, monstres","og_url":"https:\/\/genealogiedesdieuxgrecs.com\/Genealogie_des_Dieux_grecs\/","og_site_name":"Genealogie des divinit\u00e9s de la mythologie grecque","article_modified_time":"2026-04-21T09:41:08+00:00","og_image":[{"url":"http:\/\/www.genealogiedesdieuxgrecs.com\/Genealogie_des_Dieux_grecs\/wp-content\/uploads\/Dieux_grecs_ico.jpg","type":"","width":"","height":""}],"twitter_card":"summary_large_image","twitter_misc":{"Dur\u00e9e de lecture estim\u00e9e":"2 minutes"},"schema":{"@context":"https:\/\/schema.org","@graph":[{"@type":"WebPage","@id":"https:\/\/genealogiedesdieuxgrecs.com\/Genealogie_des_Dieux_grecs\/","url":"https:\/\/genealogiedesdieuxgrecs.com\/Genealogie_des_Dieux_grecs\/","name":"G\u00e9n\u00e9alogie des divinit\u00e9s grecques selon H\u00e9siode, mythes et l\u00e9gendes","isPartOf":{"@id":"https:\/\/genealogiedesdieuxgrecs.com\/Genealogie_des_Dieux_grecs\/#website"},"primaryImageOfPage":{"@id":"https:\/\/genealogiedesdieuxgrecs.com\/Genealogie_des_Dieux_grecs\/#primaryimage"},"image":{"@id":"https:\/\/genealogiedesdieuxgrecs.com\/Genealogie_des_Dieux_grecs\/#primaryimage"},"thumbnailUrl":"http:\/\/www.genealogiedesdieuxgrecs.com\/Genealogie_des_Dieux_grecs\/wp-content\/uploads\/Dieux_grecs_ico.jpg","datePublished":"2017-10-05T16:08:53+00:00","dateModified":"2026-04-21T09:41:08+00:00","description":"G\u00e9n\u00e9alogie des divinit\u00e9s grecques selon H\u00e9siode, mythes et l\u00e9gendes, diff\u00e9rents liens entre les divinit\u00e9s, Titans, Dieux et D\u00e9esses, H\u00e9ros, monstres","breadcrumb":{"@id":"https:\/\/genealogiedesdieuxgrecs.com\/Genealogie_des_Dieux_grecs\/#breadcrumb"},"inLanguage":"fr-FR","potentialAction":[{"@type":"ReadAction","target":["https:\/\/genealogiedesdieuxgrecs.com\/Genealogie_des_Dieux_grecs\/"]}]},{"@type":"ImageObject","inLanguage":"fr-FR","@id":"https:\/\/genealogiedesdieuxgrecs.com\/Genealogie_des_Dieux_grecs\/#primaryimage","url":"http:\/\/www.genealogiedesdieuxgrecs.com\/Genealogie_des_Dieux_grecs\/wp-content\/uploads\/Dieux_grecs_ico.jpg","contentUrl":"http:\/\/www.genealogiedesdieuxgrecs.com\/Genealogie_des_Dieux_grecs\/wp-content\/uploads\/Dieux_grecs_ico.jpg"},{"@type":"BreadcrumbList","@id":"https:\/\/genealogiedesdieuxgrecs.com\/Genealogie_des_Dieux_grecs\/#breadcrumb","itemListElement":[{"@type":"ListItem","position":1,"name":"Accueil","item":"https:\/\/genealogiedesdieuxgrecs.com\/Genealogie_des_Dieux_grecs\/"},{"@type":"ListItem","position":2,"name":"Accueil"}]},{"@type":"WebSite","@id":"https:\/\/genealogiedesdieuxgrecs.com\/Genealogie_des_Dieux_grecs\/#website","url":"https:\/\/genealogiedesdieuxgrecs.com\/Genealogie_des_Dieux_grecs\/","name":"Genealogie des divinit\u00e9s de la mythologie grecque","description":"Du Chaos aux hommes en passant par les D\u00e9esse, Dieux, Nymphes, Muses, Titans, H\u00e9catonchires, Les Moires, les Cyclopes, les G\u00e9ants...","potentialAction":[{"@type":"SearchAction","target":{"@type":"EntryPoint","urlTemplate":"https:\/\/genealogiedesdieuxgrecs.com\/Genealogie_des_Dieux_grecs\/?s={search_term_string}"},"query-input":{"@type":"PropertyValueSpecification","valueRequired":true,"valueName":"search_term_string"}}],"inLanguage":"fr-FR"}]}},"_links":{"self":[{"href":"https:\/\/genealogiedesdieuxgrecs.com\/Genealogie_des_Dieux_grecs\/wp-json\/wp\/v2\/pages\/1511","targetHints":{"allow":["GET"]}}],"collection":[{"href":"https:\/\/genealogiedesdieuxgrecs.com\/Genealogie_des_Dieux_grecs\/wp-json\/wp\/v2\/pages"}],"about":[{"href":"https:\/\/genealogiedesdieuxgrecs.com\/Genealogie_des_Dieux_grecs\/wp-json\/wp\/v2\/types\/page"}],"author":[{"embeddable":true,"href":"https:\/\/genealogiedesdieuxgrecs.com\/Genealogie_des_Dieux_grecs\/wp-json\/wp\/v2\/users\/2"}],"replies":[{"embeddable":true,"href":"https:\/\/genealogiedesdieuxgrecs.com\/Genealogie_des_Dieux_grecs\/wp-json\/wp\/v2\/comments?post=1511"}],"version-history":[{"count":11,"href":"https:\/\/genealogiedesdieuxgrecs.com\/Genealogie_des_Dieux_grecs\/wp-json\/wp\/v2\/pages\/1511\/revisions"}],"predecessor-version":[{"id":2531,"href":"https:\/\/genealogiedesdieuxgrecs.com\/Genealogie_des_Dieux_grecs\/wp-json\/wp\/v2\/pages\/1511\/revisions\/2531"}],"wp:attachment":[{"href":"https:\/\/genealogiedesdieuxgrecs.com\/Genealogie_des_Dieux_grecs\/wp-json\/wp\/v2\/media?parent=1511"}],"curies":[{"name":"wp","href":"https:\/\/api.w.org\/{rel}","templated":true}]}}